{"id":3563,"date":"2023-09-21T22:10:32","date_gmt":"2023-09-21T22:10:32","guid":{"rendered":"https:\/\/einar.qodeinteractive.com\/?page_id=3563"},"modified":"2024-03-22T20:03:30","modified_gmt":"2024-03-22T20:03:30","slug":"contact-us","status":"publish","type":"page","link":"https:\/\/madisonstudio.com.mx\/index.php\/contact-us\/","title":{"rendered":"Contact Us"},"content":{"rendered":"\t\t<div data-elementor-type=\"wp-page\" data-elementor-id=\"3563\" class=\"elementor elementor-3563\">\n\t\t\t\t\t\t\t<div class=\"elementor-element elementor-element-3ccfefb e-con-full e-con\" data-id=\"3ccfefb\" data-element_type=\"container\" data-settings=\"{&quot;content_width&quot;:&quot;full&quot;}\">\n\t\t<div class=\"elementor-element elementor-element-12b8150 e-con-full e-con\" data-id=\"12b8150\" data-element_type=\"container\" data-settings=\"{&quot;content_width&quot;:&quot;full&quot;}\">\n\t\t\t\t<div class=\"elementor-element elementor-element-959fbce elementor-widget elementor-widget-einar_core_section_title\" data-id=\"959fbce\" data-element_type=\"widget\" data-widget_type=\"einar_core_section_title.default\">\n\t\t\t\t<div class=\"elementor-widget-container\">\n\t\t\t<div class=\"qodef-shortcode qodef-m  qodef-section-title qodef-alignment--left \">\n\t\t<h1 class=\"qodef-m-title\" >\n\t\t\t\t\tAgendemos una reunion\t\t\t<\/h1>\n\t\t<p class=\"qodef-m-info-text\" style=\"margin-top: 17px\">\n\t\tM\u00e1ndanos un mensaje y nos ponemos de acuerdo para una reunion contigo y con tu empresa\t<\/p>\n\t<\/div>\n\t\t<\/div>\n\t\t\t\t<\/div>\n\t\t\t\t<div class=\"elementor-element elementor-element-542fd73 elementor-widget elementor-widget-einar_core_button\" data-id=\"542fd73\" data-element_type=\"widget\" data-widget_type=\"einar_core_button.default\">\n\t\t\t\t<div class=\"elementor-widget-container\">\n\t\t\t<a class=\"qodef-shortcode qodef-m  qodef-button qodef-layout--textual   qodef-html--link\" href=\"tel:+001234567899\" target=\"_self\"  style=\"font-size: 18px;font-weight: 400\">\n\t<span class=\"qodef-m-inner\">\n\t\t<svg class=\"qodef-svg--arrow-button-simple\" xmlns=\"http:\/\/www.w3.org\/2000\/svg\" width=\"34.8962\" height=\"15\" viewBox=\"0 0 34.8962 15\" fill=\"currentColor\"><rect y=\"6.25\" width=\"33\" height=\"1.5\"\/><path d=\"M 29.5837 3.64 C 27.3962 1.68 25.8337 0 25.8337 0 h -0.9375 a 60.295 60.295 0 0 0 3.4375 5.04 L 29.8962 7 L 28.3337 8.96 A 60.295 60.295 0 0 0 24.8963 14 h 0.9375 s 1.5625 -1.68 3.75 -3.64 a 13.2224 13.2224 0 0 1 5.3125 -3.08 V 6.72 A 13.2224 13.2224 0 0 1 29.5837 3.64 Z\"\/><\/svg>\t\t<span class=\"qodef-m-text\">(52) 811 5533 566<\/span>\n\t<\/span>\n<\/a>\n\t\t<\/div>\n\t\t\t\t<\/div>\n\t\t\t\t<div class=\"elementor-element elementor-element-8f12bfb elementor-widget elementor-widget-einar_core_button\" data-id=\"8f12bfb\" data-element_type=\"widget\" data-widget_type=\"einar_core_button.default\">\n\t\t\t\t<div class=\"elementor-widget-container\">\n\t\t\t<a class=\"qodef-shortcode qodef-m  qodef-button qodef-layout--textual   qodef-html--link\" href=\"mailto:einar@example.com\" target=\"_self\"  style=\"font-size: 18px;font-weight: 400;text-transform: none\">\n\t<span class=\"qodef-m-inner\">\n\t\t<svg class=\"qodef-svg--arrow-button-simple\" xmlns=\"http:\/\/www.w3.org\/2000\/svg\" width=\"34.8962\" height=\"15\" viewBox=\"0 0 34.8962 15\" fill=\"currentColor\"><rect y=\"6.25\" width=\"33\" height=\"1.5\"\/><path d=\"M 29.5837 3.64 C 27.3962 1.68 25.8337 0 25.8337 0 h -0.9375 a 60.295 60.295 0 0 0 3.4375 5.04 L 29.8962 7 L 28.3337 8.96 A 60.295 60.295 0 0 0 24.8963 14 h 0.9375 s 1.5625 -1.68 3.75 -3.64 a 13.2224 13.2224 0 0 1 5.3125 -3.08 V 6.72 A 13.2224 13.2224 0 0 1 29.5837 3.64 Z\"\/><\/svg>\t\t<span class=\"qodef-m-text\">hi@madisonstudio.com.mx<\/span>\n\t<\/span>\n<\/a>\n\t\t<\/div>\n\t\t\t\t<\/div>\n\t\t\t\t<div class=\"elementor-element elementor-element-77bb6d9 elementor-widget elementor-widget-wp-widget-einar_core_contact_form_7\" data-id=\"77bb6d9\" data-element_type=\"widget\" data-widget_type=\"wp-widget-einar_core_contact_form_7.default\">\n\t\t\t\t<div class=\"elementor-widget-container\">\n\t\t\t\t\t\t<div class=\"qodef-contact-form-7\">\n\t\t\t\t\n<div class=\"wpcf7 no-js\" id=\"wpcf7-f3619-o1\" lang=\"en-US\" dir=\"ltr\" data-wpcf7-id=\"3619\">\n<div class=\"screen-reader-response\"><p role=\"status\" aria-live=\"polite\" aria-atomic=\"true\"><\/p> <ul><\/ul><\/div>\n<form action=\"\/index.php\/wp-json\/wp\/v2\/pages\/3563#wpcf7-f3619-o1\" method=\"post\" class=\"wpcf7-form init demo\" aria-label=\"Contact form\" novalidate=\"novalidate\" data-status=\"init\">\n<div style=\"display: none;\">\n<input type=\"hidden\" name=\"_wpcf7\" value=\"3619\" \/>\n<input type=\"hidden\" name=\"_wpcf7_version\" value=\"6.0.3\" \/>\n<input type=\"hidden\" name=\"_wpcf7_locale\" value=\"en_US\" \/>\n<input type=\"hidden\" name=\"_wpcf7_unit_tag\" value=\"wpcf7-f3619-o1\" \/>\n<input type=\"hidden\" name=\"_wpcf7_container_post\" value=\"0\" \/>\n<input type=\"hidden\" name=\"_wpcf7_posted_data_hash\" value=\"\" \/>\n<\/div>\n<div class=\"qodef-classic-contact-form qodef-form-50-50 qodef-skin-dark\">\n\n<div class=\"qodef-contact-data\">\n\n <div class=\"qodef-name\">\n\n  <span class=\"wpcf7-form-control-wrap\" data-name=\"your-name\"><input size=\"40\" maxlength=\"400\" class=\"wpcf7-form-control wpcf7-text wpcf7-validates-as-required\" aria-required=\"true\" aria-invalid=\"false\" placeholder=\"Name\" value=\"\" type=\"text\" name=\"your-name\" \/><\/span>\n\n <\/div>\n\n <div class=\"qodef-mail\">\n\n  <span class=\"wpcf7-form-control-wrap\" data-name=\"your-email\"><input size=\"40\" maxlength=\"400\" class=\"wpcf7-form-control wpcf7-email wpcf7-validates-as-required wpcf7-text wpcf7-validates-as-email\" aria-required=\"true\" aria-invalid=\"false\" placeholder=\"Your Email\" value=\"\" type=\"email\" name=\"your-email\" \/><\/span>\n\n <\/div>\n\n<\/div>\n\n<span class=\"wpcf7-form-control-wrap\" data-name=\"your-message\"><textarea cols=\"40\" rows=\"4\" maxlength=\"2000\" class=\"wpcf7-form-control wpcf7-textarea\" aria-invalid=\"false\" placeholder=\"Message\" name=\"your-message\"><\/textarea><\/span>\n\n<button class=\"wpcf7-form-control wpcf7-submit qodef-button qodef-size--normal qodef-layout--filled qodef-m\" type=\"submit\"><span class=\"qodef-m-inner\"><svg class=\"qodef-svg--arrow-button-simple\" xmlns=\"http:\/\/www.w3.org\/2000\/svg\" width=\"34.8962\" height=\"15\" viewBox=\"0 0 34.8962 15\" fill=\"currentColor\"><rect y=\"6.25\" width=\"33\" height=\"1.5\"\/><path d=\"M 29.5837 3.64 C 27.3962 1.68 25.8337 0 25.8337 0 h -0.9375 a 60.295 60.295 0 0 0 3.4375 5.04 L 29.8962 7 L 28.3337 8.96 A 60.295 60.295 0 0 0 24.8963 14 h 0.9375 s 1.5625 -1.68 3.75 -3.64 a 13.2224 13.2224 0 0 1 5.3125 -3.08 V 6.72 A 13.2224 13.2224 0 0 1 29.5837 3.64 Z\"\/><\/svg><span class=\"qodef-m-text\">Send<\/span><\/span><\/button>\n\n<\/div><div class=\"wpcf7-response-output\" aria-hidden=\"true\"><\/div>\n<\/form>\n<\/div>\n\t\t\t<\/div>\n\t\t\t\t\t<\/div>\n\t\t\t\t<\/div>\n\t\t\t\t<\/div>\n\t\t<div class=\"elementor-element elementor-element-ca3cb3c e-con-full qodef--fh-single-image e-con\" data-id=\"ca3cb3c\" data-element_type=\"container\" data-settings=\"{&quot;content_width&quot;:&quot;full&quot;}\">\n\t\t\t\t<\/div>\n\t\t\t\t<\/div>\n\t\t\t\t\t\t\t<\/div>\n\t\t","protected":false},"excerpt":{"rendered":"<p>Agendemos una reunion M\u00e1ndanos un mensaje y nos ponemos de acuerdo para una reunion contigo y con tu empresa (52) 811 5533 566 hi@madisonstudio.com.mx<\/p>\n","protected":false},"author":1,"featured_media":0,"parent":0,"menu_order":0,"comment_status":"closed","ping_status":"closed","template":"page-full-width.php","meta":{"footnotes":""},"class_list":["post-3563","page","type-page","status-publish","hentry"],"yoast_head":"<!-- This site is optimized with the Yoast SEO plugin v22.3 - https:\/\/yoast.com\/wordpress\/plugins\/seo\/ -->\n<title>Contact Us - Agencia de dise\u00f1o gr\u00e1fico y branding Monterrey<\/title>\n<meta name=\"robots\" content=\"index, follow, max-snippet:-1, max-image-preview:large, max-video-preview:-1\" \/>\n<link rel=\"canonical\" href=\"https:\/\/madisonstudio.com.mx\/index.php\/contact-us\/\" \/>\n<meta property=\"og:locale\" content=\"en_US\" \/>\n<meta property=\"og:type\" content=\"article\" \/>\n<meta property=\"og:title\" content=\"Contact Us - Agencia de dise\u00f1o gr\u00e1fico y branding Monterrey\" \/>\n<meta property=\"og:description\" content=\"Agendemos una reunion M\u00e1ndanos un mensaje y nos ponemos de acuerdo para una reunion contigo y con tu empresa (52) 811 5533 566 hi@madisonstudio.com.mx\" \/>\n<meta property=\"og:url\" content=\"https:\/\/madisonstudio.com.mx\/index.php\/contact-us\/\" \/>\n<meta property=\"og:site_name\" content=\"Agencia de dise\u00f1o gr\u00e1fico y branding Monterrey\" \/>\n<meta property=\"article:publisher\" content=\"https:\/\/www.facebook.com\/madisonstudiomx\" \/>\n<meta property=\"article:modified_time\" content=\"2024-03-22T20:03:30+00:00\" \/>\n<meta name=\"twitter:card\" content=\"summary_large_image\" \/>\n<script type=\"application\/ld+json\" class=\"yoast-schema-graph\">{\"@context\":\"https:\/\/schema.org\",\"@graph\":[{\"@type\":\"WebPage\",\"@id\":\"https:\/\/madisonstudio.com.mx\/index.php\/contact-us\/\",\"url\":\"https:\/\/madisonstudio.com.mx\/index.php\/contact-us\/\",\"name\":\"Contact Us - Agencia de dise\u00f1o gr\u00e1fico y branding Monterrey\",\"isPartOf\":{\"@id\":\"https:\/\/madisonstudio.com.mx\/#website\"},\"datePublished\":\"2023-09-21T22:10:32+00:00\",\"dateModified\":\"2024-03-22T20:03:30+00:00\",\"breadcrumb\":{\"@id\":\"https:\/\/madisonstudio.com.mx\/index.php\/contact-us\/#breadcrumb\"},\"inLanguage\":\"en-US\",\"potentialAction\":[{\"@type\":\"ReadAction\",\"target\":[\"https:\/\/madisonstudio.com.mx\/index.php\/contact-us\/\"]}]},{\"@type\":\"BreadcrumbList\",\"@id\":\"https:\/\/madisonstudio.com.mx\/index.php\/contact-us\/#breadcrumb\",\"itemListElement\":[{\"@type\":\"ListItem\",\"position\":1,\"name\":\"Home\",\"item\":\"https:\/\/madisonstudio.com.mx\/\"},{\"@type\":\"ListItem\",\"position\":2,\"name\":\"Contact Us\"}]},{\"@type\":\"WebSite\",\"@id\":\"https:\/\/madisonstudio.com.mx\/#website\",\"url\":\"https:\/\/madisonstudio.com.mx\/\",\"name\":\"Madison Studio\",\"description\":\"Agencia de dise\u00f1o gr\u00e1fico y Branding\",\"publisher\":{\"@id\":\"https:\/\/madisonstudio.com.mx\/#organization\"},\"potentialAction\":[{\"@type\":\"SearchAction\",\"target\":{\"@type\":\"EntryPoint\",\"urlTemplate\":\"https:\/\/madisonstudio.com.mx\/?s={search_term_string}\"},\"query-input\":\"required name=search_term_string\"}],\"inLanguage\":\"en-US\"},{\"@type\":\"Organization\",\"@id\":\"https:\/\/madisonstudio.com.mx\/#organization\",\"name\":\"Madison Studio\",\"url\":\"https:\/\/madisonstudio.com.mx\/\",\"logo\":{\"@type\":\"ImageObject\",\"inLanguage\":\"en-US\",\"@id\":\"https:\/\/madisonstudio.com.mx\/#\/schema\/logo\/image\/\",\"url\":\"http:\/\/madisonstudio.com.mx\/wp-content\/uploads\/2024\/02\/logo_madison_studio_mx_1.png\",\"contentUrl\":\"http:\/\/madisonstudio.com.mx\/wp-content\/uploads\/2024\/02\/logo_madison_studio_mx_1.png\",\"width\":279,\"height\":53,\"caption\":\"Madison Studio\"},\"image\":{\"@id\":\"https:\/\/madisonstudio.com.mx\/#\/schema\/logo\/image\/\"},\"sameAs\":[\"https:\/\/www.facebook.com\/madisonstudiomx\",\"https:\/\/www.behance.net\/madisonstudiomx\",\"https:\/\/www.instagram.com\/madisonstudiomx\/\"]}]}<\/script>\n<!-- \/ Yoast SEO plugin. -->","yoast_head_json":{"title":"Contact Us - Agencia de dise\u00f1o gr\u00e1fico y branding Monterrey","robots":{"index":"index","follow":"follow","max-snippet":"max-snippet:-1","max-image-preview":"max-image-preview:large","max-video-preview":"max-video-preview:-1"},"canonical":"https:\/\/madisonstudio.com.mx\/index.php\/contact-us\/","og_locale":"en_US","og_type":"article","og_title":"Contact Us - Agencia de dise\u00f1o gr\u00e1fico y branding Monterrey","og_description":"Agendemos una reunion M\u00e1ndanos un mensaje y nos ponemos de acuerdo para una reunion contigo y con tu empresa (52) 811 5533 566 hi@madisonstudio.com.mx","og_url":"https:\/\/madisonstudio.com.mx\/index.php\/contact-us\/","og_site_name":"Agencia de dise\u00f1o gr\u00e1fico y branding Monterrey","article_publisher":"https:\/\/www.facebook.com\/madisonstudiomx","article_modified_time":"2024-03-22T20:03:30+00:00","twitter_card":"summary_large_image","schema":{"@context":"https:\/\/schema.org","@graph":[{"@type":"WebPage","@id":"https:\/\/madisonstudio.com.mx\/index.php\/contact-us\/","url":"https:\/\/madisonstudio.com.mx\/index.php\/contact-us\/","name":"Contact Us - Agencia de dise\u00f1o gr\u00e1fico y branding Monterrey","isPartOf":{"@id":"https:\/\/madisonstudio.com.mx\/#website"},"datePublished":"2023-09-21T22:10:32+00:00","dateModified":"2024-03-22T20:03:30+00:00","breadcrumb":{"@id":"https:\/\/madisonstudio.com.mx\/index.php\/contact-us\/#breadcrumb"},"inLanguage":"en-US","potentialAction":[{"@type":"ReadAction","target":["https:\/\/madisonstudio.com.mx\/index.php\/contact-us\/"]}]},{"@type":"BreadcrumbList","@id":"https:\/\/madisonstudio.com.mx\/index.php\/contact-us\/#breadcrumb","itemListElement":[{"@type":"ListItem","position":1,"name":"Home","item":"https:\/\/madisonstudio.com.mx\/"},{"@type":"ListItem","position":2,"name":"Contact Us"}]},{"@type":"WebSite","@id":"https:\/\/madisonstudio.com.mx\/#website","url":"https:\/\/madisonstudio.com.mx\/","name":"Madison Studio","description":"Agencia de dise\u00f1o gr\u00e1fico y Branding","publisher":{"@id":"https:\/\/madisonstudio.com.mx\/#organization"},"potentialAction":[{"@type":"SearchAction","target":{"@type":"EntryPoint","urlTemplate":"https:\/\/madisonstudio.com.mx\/?s={search_term_string}"},"query-input":"required name=search_term_string"}],"inLanguage":"en-US"},{"@type":"Organization","@id":"https:\/\/madisonstudio.com.mx\/#organization","name":"Madison Studio","url":"https:\/\/madisonstudio.com.mx\/","logo":{"@type":"ImageObject","inLanguage":"en-US","@id":"https:\/\/madisonstudio.com.mx\/#\/schema\/logo\/image\/","url":"http:\/\/madisonstudio.com.mx\/wp-content\/uploads\/2024\/02\/logo_madison_studio_mx_1.png","contentUrl":"http:\/\/madisonstudio.com.mx\/wp-content\/uploads\/2024\/02\/logo_madison_studio_mx_1.png","width":279,"height":53,"caption":"Madison Studio"},"image":{"@id":"https:\/\/madisonstudio.com.mx\/#\/schema\/logo\/image\/"},"sameAs":["https:\/\/www.facebook.com\/madisonstudiomx","https:\/\/www.behance.net\/madisonstudiomx","https:\/\/www.instagram.com\/madisonstudiomx\/"]}]}},"_links":{"self":[{"href":"https:\/\/madisonstudio.com.mx\/index.php\/wp-json\/wp\/v2\/pages\/3563","targetHints":{"allow":["GET"]}}],"collection":[{"href":"https:\/\/madisonstudio.com.mx\/index.php\/wp-json\/wp\/v2\/pages"}],"about":[{"href":"https:\/\/madisonstudio.com.mx\/index.php\/wp-json\/wp\/v2\/types\/page"}],"author":[{"embeddable":true,"href":"https:\/\/madisonstudio.com.mx\/index.php\/wp-json\/wp\/v2\/users\/1"}],"replies":[{"embeddable":true,"href":"https:\/\/madisonstudio.com.mx\/index.php\/wp-json\/wp\/v2\/comments?post=3563"}],"version-history":[{"count":9,"href":"https:\/\/madisonstudio.com.mx\/index.php\/wp-json\/wp\/v2\/pages\/3563\/revisions"}],"predecessor-version":[{"id":6880,"href":"https:\/\/madisonstudio.com.mx\/index.php\/wp-json\/wp\/v2\/pages\/3563\/revisions\/6880"}],"wp:attachment":[{"href":"https:\/\/madisonstudio.com.mx\/index.php\/wp-json\/wp\/v2\/media?parent=3563"}],"curies":[{"name":"wp","href":"https:\/\/api.w.org\/{rel}","templated":true}]}}